hat is -2401a + -419?
-24437
In base 5, what is 3 + 233241142?
233241200
In base 2, what is -1000101101010101010010 + 1?
-1000101101010101010001
In base 4, what is 2220 - 23212022?
-23203202
In base 9, what is -103680227 - 2?
-103680230
In base 8, what is -65 - -3462601?
3462514
In base 12, what is 32aab + 92?
32b81
In base 12, what is 5636271 - 5?
5636268
In base 11, what is -16 + 1124589?
1124573
In base 11, what is 55152277 + 5?
55152281
In base 8, what is 503015570 - 11?
503015557
In base 2, what is -101 - 1110010101101101111011010?
-1110010101101101111011111
In base 15, what is -10ee268 - 0?
-10ee268
In base 4, what is -1 - -12313032102033?
12313032102032
In base 11, what is -626019 + 20?
-625aa9
In base 11, what is 6 + -309a1691?
-309a1686
In base 15, what is -5 - -361390?
36138a
In base 10, what is -5 + -7841553?
-7841558
In base 13, what is 0 - 57692528?
-57692528
In base 7, what is 5 - 513346510?
-513346502
In base 15, what is -4 + 150d53?
150d4e
In base 6, what is -23503304 + -1?
-23503305
In base 10, what is -3770 - -26245?
22475
In base 8, what is -447116560 + -4?
-447116564
In base 13, what is -7a1277 - 1?
-7a1278
In base 3, what is 12122002 - -2010211102?
2100110111
In base 7, what is 21 - 454050203?
-454050152
In base 2, what is -1 + 1001000100111001111101011?
1001000100111001111101010
In base 6, what is -35554 + 253450?
213452
In base 9, what is -8145687 + -2?
-8145700
In base 7, what is -105404 + 156?
-105215
In base 15, what is -3d4d - -308a7?
2ba59
In base 8, what is -1 + 42351113?
42351112
In base 6, what is -141053300450 - -5?
-141053300441
In base 10, what is -314202 + -125?
-314327
In base 16, what is -2 + 111d787?
111d785
In base 6, what is -5 + 103511121?
103511112
In base 2, what is 10000100101 - -10000100010100?
10010100111001
In base 3, what is 1001 + -2121022111?
-2121021110
In base 5, what is 44223 + 2204332?
2304110
In base 14, what is 109 - 58c9?
-57c0
In base 10, what is 8973 - 15866?
-6893
In base 6, what is -323103 - 10012?
-333115
In base 5, what is -101211023 - 112?
-101211140
In base 11, what is 19 + 41732?
41750
In base 8, what is 3206062 + 13?
3206075
In base 15, what is -16d2 - 12d9a?
-1457c
In base 10, what is 10300887 - 5?
10300882
In base 7, what is -13061326 + 15?
-13061311
In base 10, what is -1072 - 6718?
-7790
In base 5, what is 0 - 12020403244?
-12020403244
In base 3, what is 12 - -200002220011202?
200002220011221
In base 7, what is -125652 + 31423?
-64226
In base 9, what is 16380347 - 3?
16380344
In base 4, what is 1313010033 + 30?
1313010123
In base 7, what is -23353140 - 255?
-23353425
In base 8, what is 4607014 - 12?
4607002
In base 12, what is 4 + a541242?
a541246
In base 13, what is -1 - -2c4b228?
2c4b227
In base 5, what is -3 + -1140321132?
-1140321140
In base 3, what is -11 - -12002221212122210?
12002221212122122
In base 12, what is -475 - 894a8?
-89961
In base 13, what is c - 93489?
-9347a
In base 3, what is -22120021101000121 + -12?
-22120021101000210
In base 6, what is 5110220 - 321?
5105455
In base 15, what is 502e700 + 5?
502e705
In base 16, what is -408e + -a8?
-4136
In base 6, what is 0 + -1422401340?
-1422401340
In base 8, what is -64542 - 2253?
-67015
In base 6, what is 552235 - -2?
552241
In base 11, what is 36a34 - 1773?
35271
In base 6, what is -201045 - 11543?
-213032
In base 3, what is 20012100001100 + 10011?
20012100011111
In base 6, what is -3 + -220353453?
-220353500
In base 11, what is 46459589 - -3?
46459591
In base 7, what is -2034540 - -111?
-2034426
In base 15, what is -3a0b0 - -2c8?
-39cd7
In base 10, what is -2 + 111514031?
111514029
In base 5, what is -30223431 - 203?
-30224134
In base 16, what is -f1 - -3bb4?
3ac3
In base 8, what is -4255050 + -65?
-4255135
In base 8, what is -2154 + -2610?
-4764
In base 16, what is -5 - 120e7d?
-120e82
In base 3, what is 102122201200021 - -120?
102122201200211
In base 4, what is -30103313 - -1031110?
-23012203
In base 15, what is 12e - 10948?
-10819
In base 11, what is -356 + 494406?
494060
In base 9, what is -243116412 + -1?
-243116413
In base 12, what is 4524 - 10224?
-7900
In base 3, what is 112112220 + 2111?
112122101
In base 13, what is 70 + 2057c?
2061c
In base 5, what is -3 - -11114024122?
11114024114
In base 14, what is 64 + -17d68?
-17d04
In base 3, what is 10011011 + 12211111020?
12221122101
In base 5, what is 3022112004422 + 3?
3022112004430
In base 14, what is 178 - -36ca?
3864
In base 7, what is 13366064 + -5?
13366056
In base 6, what is -13 - 310021412?
-310021425
In base 8, what is 763532 - -11?
763543
In base 8, what is 756042337 + 1?
756042340
In base 14, what is 3dc1 - 41a0?
-1bd
In base 13, what is -1 + -283b18?
-283b19
In base 8, what is -4233317 - -32?
-4233265
In base 5, what is 22440332 + -224?
22440103
In base 14, what is 1c + 1d98a27?
1d98a45
In base 7, what is -440212460 - 4?
-440212464
In base 15, what is 4 + -4a5a29?
-4a5a25
In base 7, what is -14 - 20434353?
-20434400
In base 2, what is 1110 + 10100011010111000111001?
10100011010111001000111
In base 10, what is 810153 - -32?
810185
In base 14, what is -5c2 + -26bba?
-2739c
In base 16, what is -cbf + 598?
-727
In base 7, what is 1425412222 + 5?
1425412230
In base 4, what is 1311310 - 102332?
1202312
In base 4, what is 10 - -23213331001?
23213331011
In base 8, what is -273501267 + 5?
-273501262
In base 15, what is c - 5d1d59?
-5d1d4c
In base 2, what is 100110000 + -1001011000001011010?
-1001010111100101010
In base 14, what is -5 + -2606ac8?
-2606acd
In base 2, what is -10 + 100001110001001111101100?
100001110001001111101010
In base 15, what is -1b758dd - 2?
-1b758e0
In base 7, what is 51 - -343?
424
In base 11, what is -71 - -389507?
389446
In base 9, what is 5687 + 51172?
56870
In base 15, what is -1c3de + -9?
-1c3e8
In base 15, what is -2c - -d3b75?
d3b48
In base 5, what is 42114414 - -133?
42120102
In base 12, what is -7293a88 + -5?
-7293a91
In base 2, what is 10 - 10110000111101101111?
-10110000111101101101
In base 5, what is -3 + -222331023?
-222331031
In base 2, what is 11100110001111101010 - -101110?
11100110010000011000
In base 10, what is 38 + -1496688?
-1496650
In base 15, what is 56 + 342a7?
3430d
In base 2, what is 1011110001110101 - 1011100?
1011110000011001
In base 9, what is -276 + 64725?
64438
In base 9, what is 83747 - 265?
83472
In base 15, what is -28ea + 45933?
43038
In base 2, what is -110010001101000111010101 + -1111?
-110010001101000111100100
In base 7, what is 1210 + 26612?
31122
In base 6, what is 13410 + -540425?
-523015
In base 9, what is 8 - 13321636?
-13321627
In base 7, what is -35346 - 6233?
-44612
In base 13, what is 2486543 - 3?
2486540
In base 10, what is 6385 - 960?
5425
In base 3, what is -1002110121201122002 - 12?
-1002110121201122021
In base 14, what is -5cd1 + -c5?
-5db6
In base 8, what is -1 + 1043727525?
1043727524
In base 8, what is 66436022 + 36?
66436060
In base 5, what is -3001324 - 1023214?
-4030043
In base 4, what is 23233330113 + 32?
23233330211
In base 14, what is 68600b7 + 2?
68600b9
In base 16, what is -a9 + 92bbe?
92b15
In base 3, what is 21 + 12011200000?
12011200021
In base 10, what is 648 + -490834?
-490186
In base 7, what is 34 - 20314450?
-20314413
In base 5, what is -10 + 341332211?
341332201
In base 14, what is 2792ab + -44?
279267
In base 9, what is -567258 - 1502?
-568761
In base 6, what is 2233 + -2115143?
-2112510
In base 12, what is 66 - 330aa9?
-330a43
In base 5, what is 2034301042 - 10?
2034301032
In base 4, what is 100311112 - 2023?
100303023
In base 12, what is 2 - 83855b?
-838559
In base 14, what is -a63 - 6dd2?
-7a55
In base 13, what is -55b22 + -3?
-55b25
In base 2, what is -10100 - -100000100001010001110001111?
100000100001010001101111011
In base 8, what is -4 + 50570051?
50570045
In base 6, what is 130 - 1002042?
-1001512
In base 2, what is 1000110 + 100001010100000100101010?
100001010100000101110000
In base 2, what is 101 + 100010101010110?
100010101011011
In base 9, what is -128447 - -884?
-127453
In base 14, what is 46a2 + -2b4?
43cc
In base 6, what is -4 + 20551332?
20551324
In base 2, what is 1110 - 11010011101011101000?
-11010011101011011010
In base 12, what is 5117457 - -5?
5117460
In base 15, what is -95a4a - -5?
-95a45
In base 13, what is 55515a - c8?
555062
In base